{"id":13,"date":"2013-07-28T14:06:22","date_gmt":"2013-07-28T12:06:22","guid":{"rendered":"http:\/\/www.designbrandes.de\/brandesblog\/?page_id=13"},"modified":"2019-03-26T15:01:21","modified_gmt":"2019-03-26T14:01:21","slug":"sinn-und-zweck","status":"publish","type":"page","link":"https:\/\/www.designbrandes.de\/brandesblog\/sinn-und-zweck\/","title":{"rendered":"Sinn und Zweck"},"content":{"rendered":"<p><img loading=\"lazy\" decoding=\"async\" class=\"alignnone size-full wp-image-96\" src=\"https:\/\/www.designbrandes.de\/brandesblog\/wp-content\/uploads\/2013\/07\/grafikinside2.jpg\" alt=\"grafikinside2\" width=\"980\" height=\"440\" srcset=\"https:\/\/www.designbrandes.de\/brandesblog\/wp-content\/uploads\/2013\/07\/grafikinside2.jpg 980w, https:\/\/www.designbrandes.de\/brandesblog\/wp-content\/uploads\/2013\/07\/grafikinside2-300x135.jpg 300w, https:\/\/www.designbrandes.de\/brandesblog\/wp-content\/uploads\/2013\/07\/grafikinside2-973x437.jpg 973w, https:\/\/www.designbrandes.de\/brandesblog\/wp-content\/uploads\/2013\/07\/grafikinside2-508x228.jpg 508w\" sizes=\"(max-width: 980px) 100vw, 980px\" \/><br \/>\n<strong>Warum dieser Blog?<\/strong> Als Designerin m\u00f6chte ich gern eine WordPress-Spielwiese haben, auf der ich unverkrampft Erfahrungen und Experimente sammeln kann, die nat\u00fcrlich auch den Auftragsprojekten zugute kommen. Ich frage mich dabei, wie man ohne umst\u00e4ndlichen Aufwand zum Ziel kommt und wie man das Vollstopfen von Seiten vermeiden kann. Es soll kein Wildwuchs entstehen und trotzdem m\u00f6chte man viel Informationen bereithalten. Wie geht das? Das probiere ich hier aus.<\/p>\n<h2>Informationen f\u00fcr Kunden<\/h2>\n<p>Der Inhalt ist f\u00fcr Kundinnen, Auftraggeber, Kollegen und Interessierte gedacht, die beim Design auch mal hinter die Kulissen schauen m\u00f6chten. Thema Design: Ich erl\u00e4utere einige Missverst\u00e4ndnisse in Website-Projekten oder auch Fallstricke bei Druckauftr\u00e4gen, die man m\u00f6glichst vermeiden sollte. Und auch Gedanken dazu, wo es hingehen k\u00f6nnte mit der Werbung, finden hier einen Platz. Eines meiner Anliegen: <strong>Viel mehr Umweltschutz<\/strong> beim Drucken und bei der Materialauswahl.<\/p>\n<h2>Einfach und fein<\/h2>\n<p>Der Blog basiert auf einem kleinen freien <a href=\"https:\/\/www.andersnoren.se\/themes\/fukasawa\/about-fukasawa\/\" target=\"_blank\" rel=\"noopener\">Theme namens Fukasawa<\/a>, das ich mir f\u00fcr meinen Bedarf passend umgestaltet habe. Immerhin drei volle Arbeitstage hat es denn doch gedauert, bis auch mobile Ansichten so funktionierten, wie gew\u00fcnscht. Was einfach erscheint, macht immer viel Arbeit &#8230;<\/p>\n<h2>\u00dcber mich: Marion Brandes<\/h2>\n<p>Ich bin Diplom-Grafikdesignerin (FH) mit Zusatzausbildung im Webdesign. Seit 2004 erstelle ich als selbstst\u00e4ndige Designerin in Berlin das Firmendesign und Werbeprojekte f\u00fcr einen gro\u00dfen Kundenstamm. Was es mit dem Begriff Corporate Design auf sich hat und wie man als Gr\u00fcnderunternehmen ohne gro\u00dfen Aufwand starten kann, das stelle ich auch auf meiner offiziellen Website vor:<a href=\"http:\/\/www.designbrandes.de\" target=\"_blank\" rel=\"noopener\"> www.designbrandes.de<\/a><\/p>\n<p><img loading=\"lazy\" decoding=\"async\" class=\"alignnone size-full wp-image-25\" src=\"https:\/\/www.designbrandes.de\/brandesblog\/wp-content\/uploads\/2016\/04\/logo.png\" alt=\"logo\" width=\"55\" height=\"56\" \/><\/p>\n","protected":false},"excerpt":{"rendered":"<p>Warum dieser Blog? Als Designerin m\u00f6chte ich gern eine WordPress-Spielwiese haben, auf der ich unverkrampft Erfahrungen und Experimente sammeln kann, die nat\u00fcrlich auch den Auftragsprojekten zugute kommen. Ich&#8230;<\/p>\n","protected":false},"author":2,"featured_media":0,"parent":0,"menu_order":0,"comment_status":"closed","ping_status":"open","template":"","meta":{"footnotes":""},"_links":{"self":[{"href":"https:\/\/www.designbrandes.de\/brandesblog\/wp-json\/wp\/v2\/pages\/13"}],"collection":[{"href":"https:\/\/www.designbrandes.de\/brandesblog\/wp-json\/wp\/v2\/pages"}],"about":[{"href":"https:\/\/www.designbrandes.de\/brandesblog\/wp-json\/wp\/v2\/types\/page"}],"author":[{"embeddable":true,"href":"https:\/\/www.designbrandes.de\/brandesblog\/wp-json\/wp\/v2\/users\/2"}],"replies":[{"embeddable":true,"href":"https:\/\/www.designbrandes.de\/brandesblog\/wp-json\/wp\/v2\/comments?post=13"}],"version-history":[{"count":5,"href":"https:\/\/www.designbrandes.de\/brandesblog\/wp-json\/wp\/v2\/pages\/13\/revisions"}],"predecessor-version":[{"id":1325,"href":"https:\/\/www.designbrandes.de\/brandesblog\/wp-json\/wp\/v2\/pages\/13\/revisions\/1325"}],"wp:attachment":[{"href":"https:\/\/www.designbrandes.de\/brandesblog\/wp-json\/wp\/v2\/media?parent=13"}],"curies":[{"name":"wp","href":"https:\/\/api.w.org\/{rel}","templated":true}]}}